(1 + -6 + 3).
4
Evaluate -70 + 65 - (2 + -3 + -1).
-3
Evaluate -2 - 1 - (1 + -5 + 3).
-2
(177 - 178) + (4 - 1 - 1)
1
23 + 4 + -26 + -7 + 0
-6
What is 3 - (3 - ((-5 - -1) + -1))?
-5
What is the value of -1 + 6 + -8 + 4?
1
What is the value of 8 + -4 + 3 - (-3 - -6)?
4
What is 1 + -2 + -1 - -4?
2
What is -5 + (0 + -3 - (8 - 7))?
-9
3 - ((-1 - 1) + 11 + -1)
-5
What is (-3 - 1) + (-3 - -10)?
3
-2 + (6 - 2) + (8 - 8)
2
Evaluate -27 + 28 + (-7 - -1) - -6.
1
Evaluate 0 + 5 + (-2 + 2 - 2).
3
Evaluate (-1 + -17 - -14) + 2.
-2
What is -9 + (-3 - -2) + (10 - 7)?
-7
6 - 6 - (-4 - 0) - 9
-5
What is the value of 5 + (-3 - -6) - 5?
3
Evaluate -4 + (-4 + 3 - (3 - 12)).
4
Calculate -7 + (4 - (12 - 12)).
-3
Evaluate 11 - 0 - (247 + -246).
10
Calculate (-1 - (0 + 2)) + -15 + 16.
-2
Evaluate (-11 - -1) + -59 + 69.
0
What is 1 + 0 - (-11 - -20)?
-8
0 + 2 + 4 + 1
7
What is the value of 92 - 94 - (-1 + 2 - 6)?
3
Evaluate -6 - (-18 + (-2 - 4 - -11)).
7
What is -1 + (-4 - -8) + -7?
-4
What is 3 - (1 - 5) - (13 + -6)?
0
What is the value of -3 - 0 - (-29 - -30)?
-4
Evaluate -10 + 3 + 9 - 0.
2
What is 0 - (-4 + (3 - 0) - -1)?
0
What is the value of 3 - (4 - 3 - (3 - 6))?
-1
0 + 4 + -1 + (-4 - 0)
-1
What is (3 - (7 - 5)) + -1?
0
What is 43 + -42 + (6 - -3)?
10
What is 0 + -1 + (1 - 0 - 3)?
-3
What is -8 + -2 + 6 + 8?
4
Evaluate -12 + -5 + 8 + 0 + 4.
-5
3 - (2 - 2 - (25 + -31))
-3
(-5 - (1 + -5 - -3)) + -1
-5
Evaluate (271 - 270) + (1 - (-4 - 0)).
6
What is 1 - (9 - (4 - 5) - 4)?
-5
What is the value of -2 + 10 + 2 + -13?
-3
Calculate 7 - 7 - -5 - 10.
-5
-24 + 13 - (2 + -10)
-3
Evaluate 1 - ((6 - -3) + 4 + -9).
-3
Evaluate -2 - 1 - (46 - 47).
-2
Evaluate 0 - -6 - (11 + -1 + -1).
-3
What is the value of (5 - 8 - 2) + -1 - -5?
-1
What is the value of 3 + -13 + 20 - 1?
9
Evaluate -5 - (4 - (-4 + 6) - 0).
-7
-5 + (6 + -8 - -4) + -4
-7
Evaluate 0 + 1 + 2 + -5 + 3.
1
Evaluate -5 - ((3 - 6 - -4) + -5).
-1
What is -11 + 10 - (-2 + -1)?
2
What is the value of (2 - 0) + (3 - (-4 + 14))?
-5
Calculate (7 - 4 - 8) + 10 + -10.
-5
-8 + (-2 - -1 - -5) - -11
7
What is the value of -4 + (-12 - -19) + 3?
6
Calculate -6 - (-15 + 5) - 5.
-1
What is 32 - 32 - (-1 + -1 - 3)?
5
What is -1 - ((-5 - -2) + 1)?
1
What is 11 + -2 + (-8 - -1)?
2
(-1 + 4 + -3 - -3) + 0
3
Evaluate -3 + 0 - (-6 - -8).
-5
What is -3 + -3 - (-14 - -13)?
-5
(5 - (1 + 7)) + -2 + 1
-4
What is the value of -10 + (-2 - -2) + 16?
6
Evaluate -2 + (2 - (-1 - -3)) + 4.
2
What is the value of 5 + -6 + 0 + (-8 - -13)?
4
(3 + 1 - 10) + 1
-5
What is the value of -13 - (-3 - (7 + -1 + -6))?
-10
Evaluate 1 - -5 - (1 + 4).
1
What is the value of -2 + 3 - (2 - 1)?
0
What is 6 + -14 - (2 + -6)?
-4
Calculate -5 - (1 + -10 + 3).
1
Evaluate 0 + 4 + -7 + 5.
2
Evaluate -1 - (2 + (2 + 0 - 1)).
-4
-6 + 3 + -2 + 4 + 2
1
What is (1 - 0) + -2 - (2 - 1)?
-2
Evaluate 6 + (-7 - -4) - 0.
3
Calculate (5 + -4 - 2) + 3.
2
What is the value of 0 + (1 - -3) - 11?
-7
What is (-4 - (-3 - -2)) + -1 + 3?
-1
Calculate (-23 + 13 - -15) + 0 + -4.
1
What is the value of -3 + (2 - -4) + (-2 - 3)?
-2
What is -2 + 6 + (2 - (3 + -2))?
5
What is the value of (3 - (10 + -2)) + 4?
-1
What is the value of (6 - -2) + -2 + -1?
5
-1 - (-2 + 5 + -3 + -2)
1
What is 0 - (1 + -2 + -2 + 5)?
-2
Evaluate 0 + (3 - 4 - 5).
-6
What is the value of 0 + -2 + 5 + -7?
-4
Calculate (-5 - -4) + -5 + 1.
-5
12 - (-9 + -2 + 19)
4
Evaluate 1 + 11 + (62 - 71).
3
Evaluate -3 - 0 - (-2 - -1) - 1.
-3
Calculate (5 - -5) + (-7 - -2).
5
Evaluate 1 + -9 - -9 - -4.
5
What is (-3 - -2) + 6 + (-1 - 3)?
1
What is -4 + 1 + -3 - -4?
-2
What is the value of 11 - 13 - (-2 - -1)?
-1
Calculate 3 + -6 + 3 + -2.
-2
What is 2 - (10 + -4 + -8 + -4)?
8
Calculate 2 - (-1 - (-2 + 1)).
2
What is the value of 2 - (-4 + 9) - 2?
-5
What is -2 + (-3 - -5) + -3?
-3
(-3 - (3 - -4)) + 10
0
What is the value of -1 + 0 + -10 - (217 + -223)?
-5
Calculate (-2 + 1 - -9) + (12 - 17).
3
What is the value of -12 - -16 - (4 + 3)?
-3
Calculate -4 + (1 - -4) + 11 + -8.
4
Evaluate (-2 - -4) + -6 + 2.
-2
Calculate -16 + (-4 - -10) + 4.
-6
What is the value of (15 - (-4 - -9)) + -6?
4
What is the value of 6 + -7 + 13 + -11?
1
What is -1 - -20 - (9 + 1)?
9
What is the value of (3 - 9) + 6 + (1 - -2)?
3
0 - -2 - (-17 + 10) - 4
5
Evaluate -11 + (10 + 1 - -3).
3
What is 0 + 12 + (-77 - -66)?
1
Calculate -7 + 5 + 5 + -4.
-1
Calculate (-2 - 3) + (1 - 2).
-6
What is -32 + 22 + (1 - -12)?
3
-4 + 0 - -12 - 7
1
What is -3 + -1 - (46 - 56)?
6
What is the value of -10 + 3 + (15 - 7)?
1
Evaluate 7 + -2 + -2 + -9 + 3.
-3
4 + (-4 - -6 - (7 + -6))
5
What is the value of -4 + -7 + 6 + 1?
-4
9 + -4 - (1 - 1 - -2)
3
-2 + 9 + (-6 - -4)
5
3 + -7 + -3 + 4
-3
Evaluate -1 + -3 + (6 - 0) + 2.
4
Calculate 14 + -15 + (-2 - -8).
5
Evaluate 1 + -2 - (1 - (-9 + 6)).
-5
Calculate -8 + (-2 - -8 - (-1 + 2)).
-3
What is 15 + (-32 - -23) + -5 + 1?
2
Evaluate 123 - 123 - (3 - -1).
-4
Evaluate -3 + (4 - 6) + 4.
-1
What is -5 + (0 + 1 - (-18 + 19))?
-5
Calculate -2 - (4 - (9 + 3)).
6
What is 13 + -9 - (10 + -1 + 0)?
-5
Calculate 7 + (6 - (-1 - -7) - 6).
1
What is 3 + -4 + (0 - -5 - 3)?
1
Evaluate 2 + -1 - -1 - 3.
-1
Calculate -33 + 29 + -2 + (9 - 1).
2
What is the value of -7 - -14 - 0 - -1?
8
Evaluate -12 + (1 - (0 + -10)).
-1
What is the value of -9 + 3 + -3 + 7?
-2
What is the value of -5 - (2 - 8 - -6)?
-5
Evaluate -128 + 130 - (2 + 1).
-1
Calculate -3 + 2 - -2 - (0 + 2).
-1
Calculate 4 + -7 + (-6 - -11 - 2).
0
Evaluate -3 - -1 - -2 - (1 - 0).
-1
Evaluate 1 - (-6 - (-7 + 2 - -2)).
4
Evaluate -4 + 2 + -5 + -1 + 4.
-4
Calculate 2 - (8 + (-4 - 1)).
-1
Evaluate (1 - ((3 - 2) + -1)) + -2.
-1
What is 2 + -2 + 0 + (-2 - 3)?
-5
What is (-6 - 0) + 10 + -10?
-6
Evaluate 0 - 4 - -6 - (-3 - 0).
5
What is 12 - 13 - -4 - -5?
8
Calculate -9 + (-2 - (-8 + 2)).
-5
11 - (3 - -1) - 1
6
13 - 2 - 1 - (11 + -5)
4
(-40 - -35) + (6 - -1)
2
-10 + -4 + 6 - -3
-5
Calculate 2 + -12 + 4 - -1.
-5
What is 5 + -1 - (7 - 0)?
-3
What is -6 + 7 + -1 - (-1 - -1)?
0
What is -2 - (-1 - (1 + 1) - -4)?
-3
What is the value of (0 - 8) + 3 - 1?
-6
4 + (33 + -43 - (-5 - 1))
0
What is the value of (2 + 2 - (-10 + 15)) + -1?
-2
What is the value of (-13 - -2) + -7 + -11 + 19?
-10
1 + 2 - 4 - 1
-2
What is the value of -3 + (0 - -2) + 5 + -7?
-3
What is 8 - (-1 + 5) - -1?
5
What is 6 + 0 + 0 + (-21 - -7)?
-8
Calculate (2 - 6) + -7 + (1 - -9).
-1
-10 - (4 + 3 + -17)
0
17 + -11 + -1 + 5
10
3 + -1 + 5 + -2 + -5
0
Calculate -18 + 14 - (-4 - -4).
-4
Evaluate (-2 - -2 - 0) + 9 + -5.
4
What is the value of -25 - -14 - (-10 + -2)?
1
What is the value of -9 + -1 + (-3 - 2 - -9)?
-6
What is (-6 - 3) + 6 + 2?
-1
What is 1 + 2 - (6 - (-6 - -10))?
1
Calculate (1 - -6) + -12 - -2.
-3
-4 - (-4 + 2 - 3)
1
Evaluate -4 + (-6 - -5) + -1.
-6
What is -1 + -1 + 5 + (3 - 4)?
2
3 + (-5 + 0 - -3) + -3
-2
Evaluate (1 + 2 + -4 - 0) + -1.
-2
-3 + (-2 - -8 - 5)
-2
Evaluate 0 - (2 + 3 - (-8 - -15)).
2
Calculate (14 - 10) + (0 - 2).
2
-8 + 4 - (-2 - (3 - -2))
3
Evaluate (-2 - -1) + (1 - 7 - -4).
-3
What is the value of -1 + -5 + 37 + -26?
5
What is 3 - 0 - (-2 + -1 - -3)?
3
What is the value of (-5 - -17) + (-3 - 5)?
4
-8 + -4 + 2 + 7
-3
What is -6 + (4 - -5) - (0 + 1)?
2
What is 8 - ((-7 - -11) + (2 - -1))?
1
What is -1 + -3 + 17 + -7?
6
What is the value of 0 + (4 - -2) + -7?
-1
What is 0 + (3 - 0 - 9) + 0?
-6
3 - ((-7 - -4) + 12 + -4)
-2
Evaluate -2 + 5 + 1 + -5.
-1
What is (0 - (1 + -1)) + (11 - 10)?
1
Calculate -7 - (1 - 4 - (-4 + 4)).
-4
Evaluate 5 - (0 + (7 - 1)).
-1
(3 - 6) + 4 - 2
-1
What is (4 - 13) + (16 - 5)?
2
(-37 - -31) + (-1 + 3 - -1)
-3
-3 - (6 + -19 + 10)
0
1 - (3 + 2) - (-11 + 13)
-6
Calculate 8 - 10 - (-3 + 3 - -1).
-3
Calculate -3 + 1 - (-8 - (-5 - -2)).
3
What is -12 + 1 + 63 + -59?
-7
Calculate (0 + 1 - -5 - 4) + -7.
-5
What is the value of (-2 - 8) + 7 + 5?
2
Calculate (4 - 1) + -7 + 0.
-4
6 + -1 - (8 - (11 + -11))
-3
-10 - -12 - (4 - -2)
-4
What is the value of 2 + 5 - 6 - (7 - 3)?
-3
What is the value of 1 - (4 + -2 - 3)?
2
-16 + 0 + (2 - -4)
-10
What is (26 - 9) + -7 + -4?
6
What is 7 + 14 + -8 - 22?
-9
What is the value of 0 - ((4 - 3) + -1)?
0
15 - 7 - (1 - -3)
4
-1 - ((0 - 0) + -2 + 5)
-4
What is -4 + 5 + -5 - -7 - -2?
5
What is -2 - 10 - (-5 + -4 - -2)?
-5
Evaluate 12 - 17 - (3 - (8 + 0)).
0
What is -2 - ((2 - 7) + (-